q - 2. Calculate the remainder when j(4) is divided by 1.
0
Let p(c) = c**2 - 2*c - 5. Calculate the remainder when 7 is divided by p(4).
1
Let w(f) = 29*f**2 + 3*f + 1. Calculate the remainder when 100 is divided by w(-1).
19
Let c(n) = n**2 - n + 13 + 0*n**2 + 2*n**2 - 2*n**2. Let i(l) = -l - 2. Let y be i(-2). Calculate the remainder when 24 is divided by c(y).
11
Let p = 23 + -4. Calculate the remainder when 75 is divided by p.
18
Suppose -4*i = i - 15. Let o(s) = -s**2 - 6*s + 10. Let n be o(-7). Suppose 2*z - n = i. What is the remainder when 7 is divided by z?
1
Let b = 15 - 12. Let p be 0*(-1)/(-2)*-1. Suppose 2*k + 2*m - 6*m = 28, b*k + 4*m - 12 = p. Calculate the remainder when 14 is divided by k.
6
Let u(l) = -l + 20. Let w be u(14). Suppose w*a - a = 3*x - 35, 3*x + 2*a - 28 = 0. Calculate the remainder when 29 is divided by x.
9
Suppose -29 - 157 = -2*l. Suppose 5*p - l + 18 = 0. Suppose -58 = -0*g - 2*g. Calculate the remainder when g is divided by p.
14
Let l(p) = 12*p - 14. Calculate the remainder when 64 is divided by l(4).
30
Suppose -4*a - j = 43, 32 = -3*a - 2*j + j. Let r = a - -17. Suppose -44 = -5*g + r. What is the remainder when 28 is divided by g?
8
Let z(m) = -20*m + 1. What is the remainder when z(-3) is divided by 21?
19
Let q be 0 - -3 - 0/1. Suppose 5*o = -3*a + 105, q*o - 5*a = 5 + 24. Let v = 76 + -42. Calculate the remainder when v is divided by o.
16
Let d(c) = -c**3 + 2*c**2 - 2*c + 1. Let f be d(2). Let l = 7 - f. Suppose 76 + 64 = 5*y. Calculate the remainder when y is divided by l.
8
Let y = -90 - -95. Let s = 52 + -36. What is the remainder when s is divided by y?
1
Let u be (-12)/(-16) + (-13)/(-4). What is the remainder when -2*((-118)/u - 3) is divided by 17?
14
Let a(d) = -d**3 - 12*d**2 - 14*d + 8. Suppose 0 = 2*z - 13 + 35. Calculate the remainder when a(z) is divided by 14.
13
Suppose 3*z = -z - 4*m + 96, 3*m + 3 = 0. Calculate the remainder when z is divided by ((-26)/(-6))/(3 - (-72)/(-27)).
12
Let l(h) = h**2 - 4*h + 3. Let r be l(7). Suppose 4*o - 16 - r = -4*i, 5*o - i = 26. Let u = 23 + -7. What is the remainder when u is divided by o?
4
Let o(v) = -v**2 + 8*v - 4. Let y be o(7). Suppose 52 = y*f - 5*d, 0*f + f - 19 = 2*d. Let p = 26 - f. Calculate the remainder when p is divided by 6.
5
Suppose 7*j + 3*c = 8*j - 9, 2*c = -5*j + 130. What is the remainder when 39 is divided by j?
15
Suppose 12 = 4*c - 0. Suppose -c*d + 2*g + 15 + 18 = 0, -g + 42 = 3*d. Calculate the remainder when 36 is divided by d.
10
Let v(d) = -3*d - 1. Let j be (-4)/18 - (-280)/45. Suppose -5*a + 5*h + 2 = 12, a + h + j = 0. What is the remainder when 32 is divided by v(a)?
10
Let d be 2/((-3)/3) + 2. Suppose d = 4*h + 2*y - 0*y - 18, 3*h = -4*y + 6. Calculate the remainder when (-3 - -1)/(-2) + 9 is divided by h.
4
Let c be (-1986)/(-54) + 2/9. Let t = c + -8. Calculate the remainder when t is divided by 15.
14
Suppose -225 = -4*i + 5*v, 0 = 2*i + 3*i - v - 297. What is the remainder when i is divided by 9?
6
Calculate the remainder when 63 is divided by 26 + (-3 - (12/2)/(-2)).
11
Suppose 6*a - 20 = a. Suppose 0*r + r - a*b - 32 = 0, -92 = -4*r - 2*b. Let w = r - 4. What is the remainder when w is divided by 7?
6
Let l be (-4)/(-3)*(-2 + 56). Suppose -4*i - 4*q + 180 - l = 0, 2*q + 100 = 5*i. What is the remainder when i is divided by 8?
6
Let m(c) = -2*c**3 - 3*c**2 + 1. Let j be (-3)/(-2)*4/2. Suppose -2*s = j*s - 70. Calculate the remainder when s is divided by m(-2).
4
Let z = 73 - 41. What is the remainder when 63 is divided by z?
31
Suppose 6*d + 4*x - 269 = d, -5*x + 270 = 5*d. Suppose -5*y = -3*s - 68, d = 6*y - 2*y - s. Calculate the remainder when 25 is divided by y.
12
Suppose 7*b - 2*b = -5, 4*g = b + 161. What is the remainder when 118 is divided by g?
38
Suppose -6*p + 5*p + 38 = 0. Calculate the remainder when 150 is divided by p.
36
Let p = -77 - -99. What is the remainder when 65 is divided by p?
21
Let b(d) = -9*d - 58. What is the remainder when b(-9) is divided by 13?
10
Let y(o) = -o + 3. Let w be y(-7). Suppose -4*q = q - w. Calculate the remainder when ((-126)/(-12))/(1/q) is divided by 11.
10
Suppose -2*d - 5 = 1. Let h = d - -7. What is the remainder when 10 is divided by h?
2
Suppose m + 4*t = -3*m + 360, 4*t - 96 = -m. Suppose 5*j + m = 4*w, 2*w = -w - j + 47. Suppose -w = -p + 9. Calculate the remainder when p is divided by 9.
8
Suppose -186 = v - 4*v. Suppose 2*l - u = -18 + 58, -5*l - 2*u + 109 = 0. What is the remainder when v is divided by l?
20
Let s = 10 + -5. Suppose u - s*u = 0. Suppose u = -3*c + 2 + 31. What is the remainder when c is divided by 6?
5
Suppose -10 + 30 = 4*j. Suppose 2*n - 4*u - 9 = 9, -n + 3 = -j*u. Calculate the remainder when n is divided by 7.
6
What is the remainder when (-2)/3 + (-235)/(-15) is divided by 9?
6
Suppose 3*w - 8 = 4*u, 3*u - 23 - 21 = -4*w. Let t be (-4 + 1)*6/(-3). Suppose 4*f = 2*r - 1 + 13, 2*f = 3*r + t. What is the remainder when w is divided by f?
2
Suppose -t = 2*t - 3*d - 393, 0 = d - 3. Suppose 2*w - 120 - t = 0. Suppose -4*z + w - 51 = 0. What is the remainder when 74 is divided by z?
17
Let u = 539 - 506. Let a(s) = 2*s**2 - 2*s - 3. What is the remainder when u is divided by a(-2)?
6
Suppose -117*q + 115*q + 58 = 0. What is the remainder when q is divided by 11?
7
Suppose 0 - 6 = -3*y. Let f(z) = -z - 8. Let n be f(-8). Suppose n = y*b + b - 21. What is the remainder when b is divided by 4?
3
Suppose 3*b - 11 = 10. Let g be 25/(-5)*(1 + -3). Suppose 8*t + 24 = g*t. Calculate the remainder when t is divided by b.
5
Suppose 0 = -8*p + 6*p - s + 39, s - 99 = -5*p. Calculate the remainder when 139 is divided by p.
19
Suppose 11 = -4*m + 2*p + 27, -2*m - 3*p = 0. Suppose c = -t + 5, -m*c - t + 6*t = -39. What is the remainder when 15 is divided by c?
7
Suppose 6 = -2*j - 2, 3*d = -j + 8. Let w(c) = 9*c**3 - c**2 - c + 1. Calculate the remainder when ((-46)/d)/((-1)/2) is divided by w(1).
7
Let b = 68 - 27. Suppose 5 = -3*i + 68. What is the remainder when b is divided by i?
20
Suppose 5*m = m + 52. What is the remainder when m is divided by 3/(9/21) + -2?
3
Let b(d) = -16*d - 3. Suppose 4*k + 7*j + 3 = 2*j, -k - 5*j + 3 = 0. Let z = 210 + -200. Calculate the remainder when b(k) is divided by z.
9
Let p be -2 + -3 + 2 + -19. Let s = p + 13. What is the remainder when 17 is divided by ((-3)/s)/(3/54)?
5
Suppose 5*z = 89 + 46. What is the remainder when 107 is divided by z?
26
Let q(w) = -4*w**3 + 2*w**2 + 2*w - 2. Suppose -2*d = -0 - 4. Suppose -d*x + 48 = 2*x. What is the remainder when q(-2) is divided by x?
10
What is the remainder when (1 + 50/15)*18 is divided by 16?
14
Suppose 0*m - 56 = -2*s - m, 5*m = -2*s + 72. Let z be 6*(-7)/(63/138). Let t = z - -168. Calculate the remainder when t is divided by s.
24
Let n = 29 - 18. Suppose -2*k = -3*k. Suppose 2*s - 13 + 5 = k. Calculate the remainder when n is divided by s.
3
Suppose 57*a - 58*a + 113 = 0. Calculate the remainder when a is divided by 38.
37
Suppose 5 = 5*v - 3*a, 4*a - 20 = v - 4. Suppose -5*u + 5*r + 45 = 0, v*u + 3*r + 2*r = 54. Calculate the remainder when 41 is divided by u.
8
Let m(u) = 1 - 4*u + 0*u + 3*u. Let n(y) = -6*y + 3. Let d(z) = -5*m(z) + n(z). Calculate the remainder when d(-6) is divided by 2.
0
Let z(l) = -4*l - 3. Let x(g) = g**3 - 6. Let b be x(0). Calculate the remainder when 60 is divided by z(b).
18
Let h be 2 + (-1 - 0) + -17. Let d = -8 - h. What is the remainder when d is divided by (-60)/(-42)*14/4?
3
Let u be 2 - -3*8/(-6). Calculate the remainder when -2 - (-23 - (-4 - -3)) is divided by (-2 + (u - -5))*11.
9
Let q(c) = c**3 - 5*c**2 - 2. Let r be q(4). Let g = 4 - r. Calculate the remainder when g is divided by 8.
6
Suppose -4*h + 3*w + 8 + 15 = 0, 0 = h + 4*w + 18. Suppose 2*v - 7*s - 38 = -h*s, -v + s = -25. What is the remainder when v is divided by 10*(-36)/6*2/(-12)?
9
Let h = 82 - 51. What is the remainder when h is divided by (-9 + (-4 - -2))/(-1)?
9
Calculate the remainder when (-1 + 42)/((-105)/14 - -8) is divided by 27.
1
Let r(n) = n - 1. Let u = -4 - -13. Calculate the remainder when u is divided by r(4).
0
Suppose 7*r + 14*r = 546. Calculate the remainder when 86 is divided by r.
8
Let i be -2 - 2/(-1) - 4. Let p = i + 7. What i